-2338)).
11, 167
Suppose -3*x = 4*q - 251 + 76, 0 = q + 4*x - 34. Suppose -40*b - 1458 = -q*b. What are the prime factors of b?
3
Suppose -5*v = -n - 33, -10*v + 13*v = 4*n + 30. Suppose v*i - 3*i - 1195 = -k, 0 = -4*k + i + 4715. Suppose k = 97*o - 92*o. What are the prime factors of o?
2, 59
List the prime factors of (-3 + (-3978)/68)*3352/(-6).
2, 41, 419
Let j(n) = 4*n**2 - 41*n + 19. Let r be j(10). Let k(b) be the third derivative of -b**4/24 + 19*b**3/3 + 2*b**2. What are the prime factors of k(r)?
29
Let g be 2*62 - (0 - 0/5). Suppose -g = -33*a + 31*a. Let l = 314 - a. What are the prime factors of l?
2, 3, 7
Suppose 5*h = -5*d + 35, -55*d + 54*d = 3*h - 13. Suppose h*f + 5*x = -f + 2965, -4*f - 3*x = -2963. What are the prime factors of f?
2, 5, 37
Suppose -18 = -30*x + 32*x. What are the prime factors of 78/x*(-2 + -46)?
2, 13
Let g(z) = 190*z + 5. Let b be g(1). Let k = 418 - b. What are the prime factors of k?
223
Suppose -32 - 88 = 12*s. List the prime factors of (8/((-12)/(-3)))/(s/(-1475)).
5, 59
Let f be 1/2*(-1 + -19). Let a be ((-9)/(-15) - 4/f)*2. Suppose i = -5*n + 65, 281 + 1 = 4*i - a*n. What are the prime factors of i?
2, 5, 7
Let q = -14440 - -20483. What are the prime factors of q?
6043
Suppose -5 = -5*s, 0 = -4*u - 2*s + 7 - 1. List the prime factors of 9*(-42)/(-42)*61*u.
3, 61
Let m(y) = -y**3 + 13*y**2 - 6*y - 11. Let a be m(7). Suppose -236*o = -a*o + 2640. What are the prime factors of o?
2, 3, 11
Let j(m) = 98*m**2 + 184*m - 1946. List the prime factors of j(10).
2, 37, 131
Let n(q) = -44*q - 2. Let r(b) = b. Let h(o) = -o**3 - 2*o**2 + 8*o - 3. Let k be h(-4). Let c(s) = k*r(s) + n(s). What are the prime factors of c(-3)?
139
Let a = 8194 - -11715. List the prime factors of a.
43, 463
Let p = 45 + -40. Let o(d) = -3*d + 11*d + 11*d + 23 + p*d - d**2. List the prime factors of o(19).
2, 59
Suppose 15 = -19*v + 22*v. Suppose -3*f = v*k + 215, f - 5*k + 275 = -3*f. Let x = f - -171. What are the prime factors of x?
101
Let g(p) = 284*p**2 + 10*p - 35. Let s be g(3). Suppose -2*h + 0*d = -2*d - 1278, -4*h = d - s. List the prime factors of h.
2, 11, 29
Suppose -5*y = 36 - 266. Let z = -43 + y. Suppose z*p + 52 = 151. List the prime factors of p.
3, 11
Let v(n) = -n + 10. Let w be v(5). Suppose -5*x + 31 = w*m - 634, 4*x - 527 = m. Let b = x + -17. What are the prime factors of b?
5, 23
Let a(s) = s**3 - 14*s**2 - 10*s - 11. Suppose 4 = -f + 17*m - 12*m, 0 = -f + 4*m. What are the prime factors of a(f)?
11, 31
Suppose -5*s + 624 = 4*x, -3*x - 6*s + 463 = -s. Suppose 2*i - 3775 = -x. List the prime factors of i.
13, 139
Suppose 9*n - 17*n = 32. List the prime factors of n/34 - 46676/(-238).
2, 7
Let w = -65 - -93. Let s(x) = 9*x + 36. What are the prime factors of s(w)?
2, 3
Let h = 5589 - 5265. What are the prime factors of h?
2, 3
Let f(a) = -a + 2. Suppose 0*p + 8 = -2*p - 4*d, -5*d - 19 = -2*p. Let r be f(p). Suppose 8*q - 236 + 76 = r. What are the prime factors of q?
2, 5
Suppose 31*f - 1028240 = -59*f + 10*f. List the prime factors of f.
12853
Let i(c) = -71*c - 6. Let a(g) be the third derivative of 71*g**4/8 + 3*g**3 - 27*g**2. Let w(y) = 4*a(y) + 11*i(y). What are the prime factors of w(2)?
2, 37
Let y = 8303 + -5348. What are the prime factors of y?
3, 5, 197
Suppose -2 = -h, 50*h = -i + 46*h - 351. What are the prime factors of (-15)/6 + i/(-2)?
3, 59
Let n = -13 + 26. Suppose -5*u = -n*u + 32. Suppose 4*p + y - 589 = 0, u*p - 2*p - 4*y = 308. List the prime factors of p.
2, 37
Suppose -14 + 62 = 6*p. Suppose 0 = p*s - 11*s + 474. List the prime factors of s.
2, 79
Let u(t) = t**2 + 17*t + 6. Let m(n) = -n**2 - 18*n - 7. Let q(j) = 3*m(j) + 2*u(j). Let d be q(-15). Let i = d - -21. List the prime factors of i.
3, 29
Let o(s) = s**2 - 26*s + 40. Let z(a) = 8*a**2 - 4. Let u be z(2). What are the prime factors of o(u)?
2, 3
Suppose -187*p = -59*p - 3677568. List the prime factors of p.
3, 61, 157
Let i(s) = 2*s**3 - 11*s**2 - 10*s - 4. Suppose 327 - 99 = 19*w. What are the prime factors of i(w)?
2, 19, 23
Let m(o) = o + 1. Let z(x) = 40*x. Let t(l) = 5*m(l) - z(l). Let h be t(2). Let b = -39 - h. What are the prime factors of b?
2, 13
Suppose 0 = 4*j - 2*j - 2, 2*b + 549 = -5*j. What are the prime factors of (-7 - -9)*(1 - b)?
2, 139
Suppose g - 4*g + 4*t = 527, -5*t + 703 = -4*g. Let h be (-5)/((-140)/7287)*4/(-3). Let l = g - h. What are the prime factors of l?
2, 5, 17
Suppose -4*o - h + 0*h = -49989, 5*h + 15 = 0. What are the prime factors of o?
2, 3, 2083
Suppose -3*u = -8 + 32. Let y(b) = b**2 - 1. Let v(z) = 3*z**2 + 12*z + 17. Let g(h) = -v(h) + 5*y(h). List the prime factors of g(u).
2, 101
Suppose -2*s + 3*v + 69022 = 0, -26*v + 138028 = 4*s - 24*v. What are the prime factors of s?
2, 8627
Let d(z) = z + 91. Let r(j) = -j + 92. Let i(o) = -6*d(o) + 5*r(o). List the prime factors of i(-24).
2, 89
Let r(y) = y**3 - 2*y**2 - 5*y - 6. Let b be r(-4). Suppose 13235 + 78640 = 293*q - 1028*q. Let m = b - q. List the prime factors of m.
43
Let k(m) = -361*m - 9. Let w(n) = -151*n - 4. Let f(b) = 2*k(b) - 5*w(b). Let z = -3 - -4. What are the prime factors of f(z)?
5, 7
Suppose -3*m = -0*m - 210. Let k be 5/((-11)/(-22) + (-6)/4). List the prime factors of 9/21 - k/(m/736).
53
Let f(a) = 6*a + 5. Let c be f(0). Let w be -5 + c*18/30. List the prime factors of (-2302)/(-8) + -5 + w/(-8).
283
Let r(a) = -7*a**3 - 10*a**2 + 23*a + 10. Let t be r(-6). Suppose 3*w - 6298 = -t. What are the prime factors of w?
2, 3, 293
Suppose -7373 = -6*t + 655. Suppose 9*n = 7*n + t. List the prime factors of n.
3, 223
Let r be -565*((-5)/(-5) - 5). Suppose 6*w - 2*w + 4*p - r = 0, -5*w + 3*p + 2801 = 0. List the prime factors of w.
2, 281
Let r(o) be the third derivative of -o**6/120 - o**5/6 - 16*o**2. Let w be r(-10). Suppose w = -5*m + n - 2*n + 469, 2*n - 8 = 0. List the prime factors of m.
3, 31
Let a(c) be the second derivative of -c**3 - 3*c**2 + 10*c. Let n be a(-1). Suppose n*g = 5*g - 430. List the prime factors of g.
2, 43
Let g = 12 - 21. Let z be 14*831/24 - g/(-12). List the prime factors of (z/3)/((8/(-6))/(-2)).
2, 11
What are the prime factors of (-122)/(-1647) + 1577390/(-54)*-1?
3, 7, 13, 107
Suppose -50*p + 242238 + 436762 = 0. What are the prime factors of p?
2, 5, 7, 97
Let f = -393 - -397. Let a(y) = -2*y**2 + 0*y**2 + 4*y**2 + 3*y - 10 + 3*y. What are the prime factors of a(f)?
2, 23
Let x(y) = 5*y**2 + 17*y + 25. Let d be x(-8). Suppose -5*g + d = -1966. List the prime factors of g.
3, 5, 29
Suppose -120*c + 378631 = 109*c - 218*c. List the prime factors of c.
34421
Let k(x) = 12*x - 54. Let y be k(10). Let t = y + -66. Suppose t = 4*c - 199 - 521. List the prime factors of c.
2, 3, 5
Let c = 3780 + -1216. What are the prime factors of c?
2, 641
Suppose -5*v + d + 9 = 1, -2*v + 10 = 3*d. Suppose v*y - 640 + 54 = 0. What are the prime factors of y?
293
Let n(f) = 1551*f**2 - 54*f + 177. What are the prime factors of n(3)?
2, 3, 17, 137
Suppose -2*w - 20 = -1216. Let c = -385 + w. Suppose 3*n - 3*g - 347 + 38 = 0, 2*n + 5*g - c = 0. List the prime factors of n.
2, 13
Suppose 13*x - 8*x - 4*a = 8, -3*a = -2*x + 6. What are the prime factors of 1206/7 - x - 54/189?
2, 43
Let g be (-3)/(-2) - (-2415)/(-46). Let i = g - -55. Suppose -v + 6*l + 92 = 5*l, 2*v = -i*l + 184. List the prime factors of v.
2, 23
Suppose -4*v - 22956 = -5*d, -28*d + 33*d - 22961 = -v. What are the prime factors of d?
2, 7, 41
List the prime factors of -7 - 0 - (-4280 - (16 + -9)).
2, 5, 107
Suppose -525*j + 554*j - 933336 = 0. List the prime factors of j.
2, 3, 149
Let d(f) = -21*f**3 - 2*f**2 - 4*f + 2. Let s be d(-2). Suppose -s = -3*a + 163. List the prime factors of a.
3, 37
Let y(b) be the first derivative of b**4/4 + 7*b**3/2 - 3*b**2 + 19*b - 9. Let x(i) be the first derivative of y(i). What are the prime factors of x(-10)?
2, 3, 7
Let n(u) = -124*u - 131. Let i be n(-16). Let h = 2810 - i. List the prime factors of h.
3, 11, 29
Let m be 3 - ((-12)/(-3) - 8). Let p(a) = 2*a**2 - 15*a + 9. Let f be p(m). Suppose -5*z - v = -640, -v - 244 = -f*z + v. What are the prime factors of z?
127
Let i(t) = -t + 27. Let g be i(-8). List the prime factors of 716 + -2 + g/5.
7, 103
Suppose 94*h = 115*h - 268191. Suppose 37*d - h =